1
In base 16, what is 3 + -71c2e?
-71c2b
In base 8, what is -2 + 141031?
141027
In base 3, what is -122 + -100102211?
-100110110
In base 9, what is 7 + -700105?
-700087
In base 15, what is -5a9 + -2ca?
-884
In base 12, what is -3a - 1443?
-1481
In base 5, what is -31 + 10324?
10243
In base 6, what is -13 - 13030?
-13043
In base 16, what is -6 - 795?
-79b
In base 7, what is -4 + -2403112?
-2403116
In base 7, what is -1530 - -602?
-625
In base 2, what is 11100110010 - -1010111000?
100111101010
In base 10, what is 5372096 - -3?
5372099
In base 11, what is -1215 - 978?
-2092
In base 5, what is 403 - -111?
1014
In base 3, what is -2120 + -111120012?
-111122202
In base 3, what is 1012012020 + -100?
1012011220
In base 4, what is 132103031 - -11?
132103102
In base 5, what is -3244101003 - 3?
-3244101011
In base 8, what is 43043 + 2?
43045
In base 16, what is -12b - -82?
-a9
In base 7, what is -21 + -1543?
-1564
In base 13, what is -3 - 6a5c?
-6a62
In base 12, what is -10 + -1074a?
-1075a
In base 11, what is -4 + -aa594?
-aa598
In base 8, what is 54614 - -1?
54615
In base 14, what is -5 - 1109?
-1110
In base 4, what is 30133030 - -2?
30133032
In base 2, what is 1011111 + 100010110?
101110101
In base 2, what is 10001 - 10000111010111?
-10000111000110
In base 9, what is 6 + -5308?
-5302
In base 10, what is -189109 + -16?
-189125
In base 6, what is 144213 - -4?
144221
In base 12, what is 5 - 94ab0?
-94aa7
In base 7, what is 21 + 10450?
10501
In base 3, what is -2 + 2212020021?
2212020012
In base 7, what is 2154 - 232?
1622
In base 4, what is 111 - 3302?
-3131
In base 6, what is -1023 - 2053?
-3120
In base 16, what is -4535 + 2?
-4533
In base 15, what is 34 + 2e56?
2e8a
In base 15, what is -18 - 180e4?
-1810c
In base 5, what is 144 + 1224?
1423
In base 14, what is -624 + 53?
-5b1
In base 16, what is -2 - -31ad?
31ab
In base 11, what is 160 + 1126a?
1141a
In base 3, what is 1001011220121 + -11?
1001011220110
In base 8, what is 26221 - 7?
26212
In base 10, what is 8 - 4032?
-4024
In base 5, what is 3030 + 333?
3413
In base 14, what is -5dc + -1c?
-61a
In base 14, what is -c505 - -7?
-c4dc
In base 3, what is -11111 - -11001120?
10220002
In base 12, what is 7 - 1087?
-1080
In base 5, what is 2420344 - -313?
2421212
In base 15, what is -9889 + 5?
-9884
In base 14, what is -2 - -2552?
2550
In base 3, what is -21212000002221 + 2?
-21212000002212
In base 6, what is -2003 - 315?
-2322
In base 2, what is 0 - -101101000001101101?
101101000001101101
In base 16, what is -9 - -244c?
2443
In base 13, what is -2296 + 3?
-2293
In base 5, what is 13112 - -323?
13440
In base 16, what is 25b80 + -18?
25b68
In base 13, what is 57b6b - -3?
57b71
In base 13, what is -3 - -1578c8?
1578c5
In base 11, what is 5 + a1798?
a17a2
In base 8, what is -151361 - -13?
-151346
In base 8, what is -13627 - 0?
-13627
In base 15, what is -214 - -85?
-17e
In base 4, what is 13000 + -1231?
11103
In base 7, what is -16416 - 0?
-16416
In base 8, what is -56 + -27660?
-27736
In base 11, what is -1 + 16923?
16922
In base 15, what is 7dc5 + -1?
7dc4
In base 16, what is -37c - 1a53?
-1dcf
In base 10, what is -3 - -11187?
11184
In base 11, what is -2a + -7201?
-7230
In base 7, what is -20322 - -21?
-20301
In base 12, what is 1b6 + -648?
-452
In base 5, what is 1432203 - 13?
1432140
In base 9, what is -54247 - 3?
-54251
In base 8, what is 6106622 + 5?
6106627
In base 15, what is 108 - -6?
10e
In base 2, what is 101 - -101010001001?
101010001110
In base 9, what is 164 - 857?
-683
In base 12, what is 268 + -48a0?
-4634
In base 2, what is 101 - 100110000011101?
-100110000011000
In base 10, what is -4 + 224482?
224478
In base 12, what is -2 - 1695?
-1697
In base 6, what is 1130 + 1345?
2515
In base 14, what is -1152 - -2b1?
-c81
In base 11, what is -174747 + 0?
-174747
In base 8, what is 1106 - -1221?
2327
In base 8, what is -75 + -411?
-506
In base 8, what is -27713 - 3?
-27716
In base 12, what is -6 - -3a578?
3a572
In base 11, what is 2427 + 1a?
2446
In base 7, what is -6 - -13515?
13506
In base 10, what is 10 + -151490?
-151480
In base 2, what is -11 + 1000100010101110111?
1000100010101110100
In base 14, what is -16 + 50d?
4d7
In base 10, what is 21 - 1152?
-1131
In base 11, what is 2111a - -37?
21156
In base 4, what is -3100001 + -23?
-3100030
In base 16, what is -c3e - -28?
-c16
In base 11, what is -4 + 16592?
16589
In base 15, what is 4 - -194a2?
194a6
In base 6, what is 3123 - 5140?
-2013
In base 4, what is -1 + -11303001?
-11303002
In base 8, what is -33 + 213327?
213274
In base 15, what is 62 - -41?
a3
In base 16, what is -29 - 459?
-482
In base 11, what is -138 + -99?
-226
In base 15, what is 258c - -160?
26ec
In base 6, what is 25124545 - 12?
25124533
In base 9, what is 17 + -4884?
-4866
In base 7, what is 652021 + 1?
652022
In base 16, what is 40e5f + 4?
40e63
In base 7, what is -10 + 2066000?
2065660
In base 6, what is -1413541 - 22?
-1414003
In base 4, what is 30102 + 11312?
102020
In base 10, what is 1 + 10292?
10293
In base 4, what is -103 + 2131112?
2131003
In base 4, what is 111121 - -3030?
120211
In base 9, what is 150604 + 1?
150605
In base 9, what is -30083 + -10?
-30103
In base 12, what is -1 + -24488?
-24489
In base 2, what is 100010000101000 - -101?
100010000101101
In base 4, what is -13121 - -3320?
-3201
In base 6, what is 30 - 51114?
-51044
In base 4, what is 311313 - 1121?
310132
In base 14, what is 8 - -100c0?
100c8
In base 14, what is -222 + 7d?
-183
In base 2, what is 10000111110 - 1010000?
1111101110
In base 14, what is -5 + -118c06?
-118c0b
In base 14, what is -31674 + -5?
-31679
In base 12, what is -28 + a22b?
a203
In base 16, what is -8 + 20ac1?
20ab9
In base 13, what is 196 - 13c1?
-1228
In base 15, what is -24b - d?
-259
In base 15, what is 2ae05 - -14?
2ae19
In base 12, what is 0 + 6192?
6192
In base 7, what is 44 - -153024?
153101
In base 7, what is -5 + -20060?
-20065
In base 6, what is 0 + 111544?
111544
In base 8, what is -62011 + 72?
-61717
In base 2, what is -10111 - 101101001011101000?
-101101001011111111
In base 16, what is 17df83 + -5?
17df7e
In base 13, what is -9 + 865?
859
In base 3, what is 200201 - 12002010?
-11101102
In base 13, what is 5 + 9158?
9160
In base 4, what is 10133100 + 1031?
10200131
In base 11, what is -156401 + 15?
-156397
In base 12, what is 7 + -94138?
-94131
In base 4, what is -110 + -112221032?
-112221202
In base 14, what is 337 + 74?
3ab
In base 14, what is 1a08 + 15?
1a1d
In base 13, what is 2 - -9963?
9965
In base 2, what is 101000000101011001 - 101?
101000000101010100
In base 12, what is 13 - -1855b?
18572
In base 7, what is -5253 - 22?
-5305
In base 15, what is 5 + 3648?
364d
In base 8, what is -513 + 32?
-461
In base 5, what is 1330011 + -103?
1324403
In base 10, what is 34404 + 3?
34407
In base 13, what is 1 + -c87b?
-c87a
In base 10, what is 2 + 581958?
581960
In base 3, what is 12 + 100001111021?
100001111110
In base 13, what is 4c + 649c?
651b
In base 9, what is 37524 - 2?
37522
In base 2, what is 110101011101 + 11101?
110101111010
In base 16, what is 6 + -1c31?
-1c2b
In base 14, what is 1b6bd + 4?
1b6c3
In base 11, what is 33922 - -6?
33928
In base 11, what is 1276 + 52?
1318
In base 13, what is 391b0 + -1?
391ac
In base 7, what is -5 + -1501436?
-1501444
In base 6, what is -4 - 42153314?
-42153322
In base 9, what is -24063 + -5?
-24068
In base 13, what is 30 - -4250?
4280
In base 5, what is -2 + -1213013?
-1213020
In base 10, what is -361 + 7326?
6965
In base 16, what is 8d - 270c?
-267f
In base 7, what is 1 - 1362045?
-1362044
In base 15, what is -1 - 6494?
-6495
In base 4, what is 31 + -1031301?
-1031210
In base 16, what is 18a81 + 8?
18a89
In base 5, what is -11012214 + -3?
-11012222
In base 10, what is 428 - 18?
410
In base 11, what is -a + 66a3?
6694
In base 8, what is 100 + 4350?
4450
In base 5, what is 2 - -31100?
31102
In base 5, what is 313234 + 10?
313244
In base 15, what is 99e2 - -1?
99e3
In base 4, what is -3211 - -120311?
111100
In base 16, what is -7e - -d8?
5a
In base 14, what is 12bd5 + -16?
12bbd
In base 13, what is -3bc58b + 2?
-3bc589
In base 15, what is 957 - -ac?
a14
In base 8, what is 6 - -242260?
242266
In base 7, what is -106 - 5644?
-6053
In base 12, what is 1 + b8b?
b90
In base 2, what is -1101111